{"id":48,"date":"2021-09-03T10:10:49","date_gmt":"2021-09-03T10:10:49","guid":{"rendered":"https:\/\/www.tier-umwelt-hilfe-brasilien.ch\/?page_id=48"},"modified":"2025-07-20T16:41:29","modified_gmt":"2025-07-20T16:41:29","slug":"tiere","status":"publish","type":"page","link":"https:\/\/www.tier-umwelt-hilfe-brasilien.ch\/index.php\/tiere\/","title":{"rendered":"Tiere"},"content":{"rendered":"\n<p>Wir helfen verletzten Meerestieren. Unsere Partner sind das Aquario Paraiba, Tartarugas Urbanas Guajiru (Meeresschildkr\u00f6ten), die Funda\u00e7\u00e3o Mamiferos Aquaticos (Manatees, Seek\u00fche) und die Guardi\u00f5es Ambientalistas de Jacarap\u00e9 (ASPAMJA \u00dcberwachung und Schutz von Krebsen).<\/p>\n\n\n\n<figure class=\"wp-block-image is-resized\"><img decoding=\"async\" src=\"https:\/\/www.tier-umwelt-hilfe-brasilien.ch\/wp-content\/uploads\/2021\/09\/schildkroete-2.jpg\" alt=\"\" style=\"width:233px;height:308px\"\/><\/figure>\n\n\n\n<p>Eine zweckgebundene Spende erm\u00f6glicht es uns, Unterst\u00fctzung zu bieten. Im November 2020 brachte die Umweltpolizei eine kleine Meeresschildkr\u00f6te ins Aquarium. Sie war in einem Netz gefangen und die Fischer amputierten ihr eine Vorderflosse. Das Tier erholte sich gut. Wir beteiligten uns an den Tierarztkosten. Am 5.11.2021 war es endlich so weit: Mit der Bewilligung und im Beisein der Beh\u00f6rden konnten wir die gr\u00fcne Meeresschildkr\u00f6te am Strand von Seixas in Jo\u00e3o Pessoa freilassen. Wog das Tier vor einem Jahr 600 Gramm, waren es jetzt 1,710 kg!<\/p>\n\n\n\n<p>Leider \u00fcberleben die wenigsten der geretteten Meeresschildkr\u00f6ten. Die meisten haben Plastik geschluckt und verenden daran. <\/p>\n\n\n\n<figure class=\"wp-block-gallery has-nested-images columns-default is-cropped wp-block-gallery-1 is-layout-flex wp-block-gallery-is-layout-flex\">\n<figure class=\"wp-block-image size-large\"><img loading=\"lazy\" decoding=\"async\" width=\"684\" height=\"912\" data-id=\"115\" src=\"https:\/\/www.tier-umwelt-hilfe-brasilien.ch\/wp-content\/uploads\/2021\/09\/schildkroete-1.jpg\" alt=\"\" class=\"wp-image-115\" srcset=\"https:\/\/www.tier-umwelt-hilfe-brasilien.ch\/wp-content\/uploads\/2021\/09\/schildkroete-1.jpg 684w, https:\/\/www.tier-umwelt-hilfe-brasilien.ch\/wp-content\/uploads\/2021\/09\/schildkroete-1-225x300.jpg 225w\" sizes=\"auto, (max-width: 684px) 100vw, 684px\" \/><\/figure>\n\n\n\n<figure class=\"wp-block-image size-large\"><img loading=\"lazy\" decoding=\"async\" width=\"283\" height=\"266\" data-id=\"228\" src=\"https:\/\/www.tier-umwelt-hilfe-brasilien.ch\/wp-content\/uploads\/2021\/11\/schildi-11.21-2.jpg\" alt=\"\" class=\"wp-image-228\"\/><\/figure>\n\n\n\n<figure class=\"wp-block-image size-large\"><img loading=\"lazy\" decoding=\"async\" width=\"516\" height=\"513\" data-id=\"229\" src=\"https:\/\/www.tier-umwelt-hilfe-brasilien.ch\/wp-content\/uploads\/2021\/11\/schildi-2-11.21-2.jpg\" alt=\"\" class=\"wp-image-229\" srcset=\"https:\/\/www.tier-umwelt-hilfe-brasilien.ch\/wp-content\/uploads\/2021\/11\/schildi-2-11.21-2.jpg 516w, https:\/\/www.tier-umwelt-hilfe-brasilien.ch\/wp-content\/uploads\/2021\/11\/schildi-2-11.21-2-300x298.jpg 300w, https:\/\/www.tier-umwelt-hilfe-brasilien.ch\/wp-content\/uploads\/2021\/11\/schildi-2-11.21-2-150x150.jpg 150w, https:\/\/www.tier-umwelt-hilfe-brasilien.ch\/wp-content\/uploads\/2021\/11\/schildi-2-11.21-2-100x100.jpg 100w\" sizes=\"auto, (max-width: 516px) 100vw, 516px\" \/><\/figure>\n<\/figure>\n\n\n\n<p>Im Sommer 2025 \u00fcbernahmen wir die Behandlungskosten f\u00fcr weitere 3 kranke und verletzte Meeresschildkr\u00f6ten. <\/p>\n\n\n\n<p>Mit den Indios Tabajaras arbeiten wir im Bereich Aufforstung zusammen. In diesem Gebiet liessen wir schon etwa 15 ausgewachsene K\u00f6hlerschildkr\u00f6ten frei. <\/p>\n\n\n\n<figure class=\"wp-block-gallery has-nested-images columns-default is-cropped wp-block-gallery-2 is-layout-flex wp-block-gallery-is-layout-flex\">\n<figure class=\"wp-block-image size-full is-resized\"><img loading=\"lazy\" decoding=\"async\" width=\"563\" height=\"374\" data-id=\"363\" src=\"https:\/\/www.tier-umwelt-hilfe-brasilien.ch\/wp-content\/uploads\/2022\/04\/jabuti-3.22-1-2.jpg\" alt=\"\" class=\"wp-image-363\" style=\"width:266px;height:177px\" srcset=\"https:\/\/www.tier-umwelt-hilfe-brasilien.ch\/wp-content\/uploads\/2022\/04\/jabuti-3.22-1-2.jpg 563w, https:\/\/www.tier-umwelt-hilfe-brasilien.ch\/wp-content\/uploads\/2022\/04\/jabuti-3.22-1-2-300x199.jpg 300w\" sizes=\"auto, (max-width: 563px) 100vw, 563px\" \/><\/figure>\n\n\n\n<figure class=\"wp-block-image size-full\"><img loading=\"lazy\" decoding=\"async\" width=\"912\" height=\"684\" data-id=\"369\" src=\"https:\/\/www.tier-umwelt-hilfe-brasilien.ch\/wp-content\/uploads\/2022\/04\/jabuti-3.22-2-2.jpg\" alt=\"\" class=\"wp-image-369\" srcset=\"https:\/\/www.tier-umwelt-hilfe-brasilien.ch\/wp-content\/uploads\/2022\/04\/jabuti-3.22-2-2.jpg 912w, https:\/\/www.tier-umwelt-hilfe-brasilien.ch\/wp-content\/uploads\/2022\/04\/jabuti-3.22-2-2-300x225.jpg 300w, https:\/\/www.tier-umwelt-hilfe-brasilien.ch\/wp-content\/uploads\/2022\/04\/jabuti-3.22-2-2-768x576.jpg 768w\" sizes=\"auto, (max-width: 706px) 89vw, (max-width: 767px) 82vw, 740px\" \/><\/figure>\n<\/figure>\n\n\n\n<p>F\u00fcr die Funda\u00e7\u00e3o Mamiferos Aquaticos finanzierten wir dringend ben\u00f6tigte Medikamente. Sie kontrolliert die Population in der Region, verarztet die Seek\u00fche und f\u00fchrt regelm\u00e4ssige Untersuche durch. Sie informiert auch die Bev\u00f6lkerung \u00fcber das Verhalten, wenn eine in Ufern\u00e4he kommt. Letzteres geschah im November 2021. Die Seekuh Mel als Waise von Menschen aufgezogen und vor einigen Jahren freigelassen, zeigte sich an einem Touristenstrand von Jo\u00e3o Pessoa. Leider reagierten die Leute falsch. Es gab Menschen, die gar auf dem Tier ritten. Videos machten die Runde. Die FMA reagierte umgehend und informierte via Fernsehen, soziale Medien und Flugbl\u00e4tter an Strandrestaurants und -baren.<\/p>\n\n\n\n<figure class=\"wp-block-image is-resized\"><img decoding=\"async\" src=\"https:\/\/www.tier-umwelt-hilfe-brasilien.ch\/wp-content\/uploads\/2021\/09\/seekuh-1.jpg\" alt=\"\" style=\"width:282px;height:373px\"\/><\/figure>\n\n\n\n<p>Die Funda\u00e7\u00e3o Mamiferos Aquaticos lud uns am 10.8.2022 zum medizinischen Check-up der Seekuh Zelinha ein. Wir waren angenehm \u00fcberrascht von der professionellen Organisation und dem speditiven Ablauf. <\/p>\n\n\n\n<p>Anfang 2023 besuchten wir die Manatees Auffangstation in Itamaraca. Vier Tiere werden per Flasche ern\u00e4hrt. Wir unterst\u00fctzen das Projekt.<\/p>\n\n\n\n<p>Am Strand von Jacarap\u00e9 in Jo\u00e3o Pessoa beteiligen wir uns an einem Schutzprojekt f\u00fcr bedrohte Krebse (Goiamum und Caranguejo Uc\u00e1), die im Mangrovensumpf leben. Federf\u00fchrend ist der Anwohnerverein ASPAMJA. Beteiligt sind auch die Umweltpolizei und verschiedene staatliche Umweltbeh\u00f6rden. Das Projekt begann offiziell am 10.12.2021.<\/p>\n\n\n\n<figure class=\"wp-block-gallery has-nested-images columns-default is-cropped wp-block-gallery-3 is-layout-flex wp-block-gallery-is-layout-flex\">\n<figure class=\"wp-block-image size-full\"><img loading=\"lazy\" decoding=\"async\" width=\"960\" height=\"720\" data-id=\"360\" src=\"https:\/\/www.tier-umwelt-hilfe-brasilien.ch\/wp-content\/uploads\/2022\/04\/goiamum.jpg\" alt=\"\" class=\"wp-image-360\" srcset=\"https:\/\/www.tier-umwelt-hilfe-brasilien.ch\/wp-content\/uploads\/2022\/04\/goiamum.jpg 960w, https:\/\/www.tier-umwelt-hilfe-brasilien.ch\/wp-content\/uploads\/2022\/04\/goiamum-300x225.jpg 300w, https:\/\/www.tier-umwelt-hilfe-brasilien.ch\/wp-content\/uploads\/2022\/04\/goiamum-768x576.jpg 768w\" sizes=\"auto, (max-width: 706px) 89vw, (max-width: 767px) 82vw, 740px\" \/><figcaption class=\"wp-element-caption\">Goiamum beim Laichen<\/figcaption><\/figure>\n\n\n\n<figure class=\"wp-block-image size-large\"><img loading=\"lazy\" decoding=\"async\" width=\"553\" height=\"326\" data-id=\"210\" src=\"https:\/\/www.tier-umwelt-hilfe-brasilien.ch\/wp-content\/uploads\/2021\/10\/garanguejo-2-1.png\" alt=\"\" class=\"wp-image-210\" srcset=\"https:\/\/www.tier-umwelt-hilfe-brasilien.ch\/wp-content\/uploads\/2021\/10\/garanguejo-2-1.png 553w, https:\/\/www.tier-umwelt-hilfe-brasilien.ch\/wp-content\/uploads\/2021\/10\/garanguejo-2-1-300x177.png 300w\" sizes=\"auto, (max-width: 553px) 100vw, 553px\" \/><\/figure>\n<\/figure>\n\n\n\n<p>Das Krabbenprojekt f\u00fchrtn wir auch in den Folgejahren weiter. Nachdem im Vorjahr die Polizei nicht wie gew\u00fcnscht mitmachte, setzen wir jetzt mehr auf Aufkl\u00e4rung. So besuchten wir s\u00e4mtliche Bars an den von uns betreuten Str\u00e4nden und machten die Besitzer auf die Laichzeiten aufmerksam. W\u00e4hrend diesen ist der Fang der Krebse verboten.<\/p>\n\n\n\n<p>Wichtig f\u00fcr das \u00dcberleben auf unserem Planeten sind die Bienen. Es heisst, ohne Bienen kann die Menschheit nur drei Jahre \u00fcberleben. Hans Haller z\u00fcchtet einheimische, stachellose Bienen (Jandaira, Uru\u00e7u, Mo\u00e7a Branca, Canudos und Mosquitinhas). Diese platziert er bei interessierten Leuten mit Gr\u00fcnfl\u00e4chen in ihrer N\u00e4he. Stand Mai 2025 konnte er so schon 26 V\u00f6lker abgeben.<\/p>\n\n\n\n<p>Konzentrierten wir uns anf\u00e4nglich bei den H\u00fcndinnen und Katzen auf Kastrationen, k\u00f6nnen wir dank einer entsprechenden Spende seit Juni 2023 auch verletzten und kranken Strassentieren helfen. Davon profitierte im Juni bereits ein junges K\u00e4tzchen, das angefahren wurde und dessen Bein gebrochen war. Einem verwahrlosten Hund musste ein Vorderbein amputiert werden. Ausserdem plagte ihn ein Abzess am Hintern. Im Juli kam ein Hund mit einer entz\u00fcndeten Pfote dazu. Diese musste amputiert werden. Einem hinkenden unterern\u00e4hrten Hund konnten wir mit relativ wenig Aufwand helfen. Schwieriger war der Fall eines Hundebabies. Sein Hinterbein war doppelt gebrochen. Die Operation war recht teuer. &#8211; Allen Tieren konnten wir ein beschwerdefreieres Leben bieten. Sie wurden oder werden kastriert. &#8211; Stand Juli 2025 behandelten wir 51 Tieren. 15 davon starben oder wir mussten sie einschl\u00e4fern.<\/p>\n\n\n\n<p><\/p>\n","protected":false},"excerpt":{"rendered":"<p>Wir helfen verletzten Meerestieren. Unsere Partner sind das Aquario Paraiba, Tartarugas Urbanas Guajiru (Meeresschildkr\u00f6ten), die Funda\u00e7\u00e3o Mamiferos Aquaticos (Manatees, Seek\u00fche) und die Guardi\u00f5es Ambientalistas de Jacarap\u00e9 (ASPAMJA \u00dcberwachung und Schutz von Krebsen). Eine zweckgebundene Spende erm\u00f6glicht es uns, Unterst\u00fctzung zu bieten. Im November 2020 brachte die Umweltpolizei eine kleine Meeresschildkr\u00f6te ins Aquarium. Sie war in &hellip; <\/p>\n<p class=\"link-more\"><a href=\"https:\/\/www.tier-umwelt-hilfe-brasilien.ch\/index.php\/tiere\/\" class=\"more-link\"><span class=\"screen-reader-text\">\u201eTiere\u201c<\/span> weiterlesen<\/a><\/p>\n","protected":false},"author":1,"featured_media":0,"parent":0,"menu_order":0,"comment_status":"closed","ping_status":"closed","template":"","meta":{"footnotes":""},"class_list":["post-48","page","type-page","status-publish","hentry"],"jetpack_sharing_enabled":true,"_links":{"self":[{"href":"https:\/\/www.tier-umwelt-hilfe-brasilien.ch\/index.php\/wp-json\/wp\/v2\/pages\/48","targetHints":{"allow":["GET"]}}],"collection":[{"href":"https:\/\/www.tier-umwelt-hilfe-brasilien.ch\/index.php\/wp-json\/wp\/v2\/pages"}],"about":[{"href":"https:\/\/www.tier-umwelt-hilfe-brasilien.ch\/index.php\/wp-json\/wp\/v2\/types\/page"}],"author":[{"embeddable":true,"href":"https:\/\/www.tier-umwelt-hilfe-brasilien.ch\/index.php\/wp-json\/wp\/v2\/users\/1"}],"replies":[{"embeddable":true,"href":"https:\/\/www.tier-umwelt-hilfe-brasilien.ch\/index.php\/wp-json\/wp\/v2\/comments?post=48"}],"version-history":[{"count":31,"href":"https:\/\/www.tier-umwelt-hilfe-brasilien.ch\/index.php\/wp-json\/wp\/v2\/pages\/48\/revisions"}],"predecessor-version":[{"id":796,"href":"https:\/\/www.tier-umwelt-hilfe-brasilien.ch\/index.php\/wp-json\/wp\/v2\/pages\/48\/revisions\/796"}],"wp:attachment":[{"href":"https:\/\/www.tier-umwelt-hilfe-brasilien.ch\/index.php\/wp-json\/wp\/v2\/media?parent=48"}],"curies":[{"name":"wp","href":"https:\/\/api.w.org\/{rel}","templated":true}]}}